{"id":11132,"date":"2023-05-04T13:00:06","date_gmt":"2023-05-04T16:00:06","guid":{"rendered":"https:\/\/cursosciatec.com.br\/home\/?page_id=11132"},"modified":"2023-05-04T13:03:58","modified_gmt":"2023-05-04T16:03:58","slug":"fotos-e-depoimentos-curso-manutencao-de-computadores","status":"publish","type":"page","link":"https:\/\/cursosciatec.com.br\/home\/fotos-e-depoimentos\/fotos-e-depoimentos-curso-manutencao-de-computadores\/","title":{"rendered":"Fotos e Depoimentos Curso Manuten\u00e7\u00e3o de Computadores"},"content":{"rendered":"\t\t<div data-elementor-type=\"wp-post\" data-elementor-id=\"11132\" class=\"elementor elementor-11132\" data-elementor-post-type=\"page\">\n\t\t\t\t\t\t<section class=\"elementor-section elementor-top-section elementor-element elementor-element-5389afd elementor-section-stretched elementor-section-full_width elementor-section-height-default elementor-section-height-default exad-glass-effect-no exad-sticky-section-no\" data-id=\"5389afd\" data-element_type=\"section\" data-e-type=\"section\" data-settings=\"{&quot;stretch_section&quot;:&quot;section-stretched&quot;}\">\n\t\t\t\t\t\t<div class=\"elementor-container elementor-column-gap-default\">\n\t\t\t\t\t<div class=\"elementor-column elementor-col-100 elementor-top-column elementor-element elementor-element-49d5abc exad-glass-effect-no exad-sticky-section-no\" data-id=\"49d5abc\" data-element_type=\"column\" data-e-type=\"column\">\n\t\t\t<div class=\"elementor-widget-wrap elementor-element-populated\">\n\t\t\t\t\t\t<div class=\"elementor-element elementor-element-d1237f9 exad-sticky-section-no exad-glass-effect-no elementor-widget elementor-widget-heading\" data-id=\"d1237f9\" data-element_type=\"widget\" data-e-type=\"widget\" data-widget_type=\"heading.default\">\n\t\t\t\t<div class=\"elementor-widget-container\">\n\t\t\t\t\t<h1 class=\"elementor-heading-title elementor-size-default\">Fotos e Depoimentos Curso Manuten\u00e7\u00e3o de Computadores<\/h1>\t\t\t\t<\/div>\n\t\t\t\t<\/div>\n\t\t\t\t\t<\/div>\n\t\t<\/div>\n\t\t\t\t\t<\/div>\n\t\t<\/section>\n\t\t\t\t<section class=\"elementor-section elementor-top-section elementor-element elementor-element-5a97fe4 elementor-section-stretched elementor-section-full_width elementor-section-height-default elementor-section-height-default exad-glass-effect-no exad-sticky-section-no\" data-id=\"5a97fe4\" data-element_type=\"section\" data-e-type=\"section\" data-settings=\"{&quot;stretch_section&quot;:&quot;section-stretched&quot;}\">\n\t\t\t\t\t\t<div class=\"elementor-container elementor-column-gap-default\">\n\t\t\t\t\t<div class=\"elementor-column elementor-col-100 elementor-top-column elementor-element elementor-element-36c8989 exad-glass-effect-no exad-sticky-section-no\" data-id=\"36c8989\" data-element_type=\"column\" data-e-type=\"column\">\n\t\t\t<div class=\"elementor-widget-wrap elementor-element-populated\">\n\t\t\t\t\t\t<div class=\"elementor-element elementor-element-5f38066 exad-sticky-section-no exad-glass-effect-no elementor-widget elementor-widget-video\" data-id=\"5f38066\" data-element_type=\"widget\" data-e-type=\"widget\" data-settings=\"{&quot;youtube_url&quot;:&quot;https:\\\/\\\/www.youtube.com\\\/watch?v=8IwBwaSd_nI&amp;ab_channel=CIATECCursos&quot;,&quot;video_type&quot;:&quot;youtube&quot;,&quot;controls&quot;:&quot;yes&quot;}\" data-widget_type=\"video.default\">\n\t\t\t\t<div class=\"elementor-widget-container\">\n\t\t\t\t\t\t\t<div class=\"elementor-wrapper elementor-open-inline\">\n\t\t\t<div class=\"elementor-video\"><\/div>\t\t<\/div>\n\t\t\t\t\t\t<\/div>\n\t\t\t\t<\/div>\n\t\t\t\t\t<\/div>\n\t\t<\/div>\n\t\t\t\t\t<\/div>\n\t\t<\/section>\n\t\t\t\t<section class=\"elementor-section elementor-inner-section elementor-element elementor-element-01a0540 elementor-section-full_width elementor-section-content-middle elementor-section-height-default elementor-section-height-default exad-glass-effect-no exad-sticky-section-no\" data-id=\"01a0540\" data-element_type=\"section\" data-e-type=\"section\" data-settings=\"{&quot;background_background&quot;:&quot;classic&quot;}\">\n\t\t\t\t\t\t<div class=\"elementor-container elementor-column-gap-default\">\n\t\t\t\t\t<div class=\"elementor-column elementor-col-50 elementor-inner-column elementor-element elementor-element-25b32f9 exad-glass-effect-no exad-sticky-section-no\" data-id=\"25b32f9\" data-element_type=\"column\" data-e-type=\"column\">\n\t\t\t<div class=\"elementor-widget-wrap elementor-element-populated\">\n\t\t\t\t\t\t<div class=\"elementor-element elementor-element-e3d7d18 exad-sticky-section-no exad-glass-effect-no elementor-widget elementor-widget-heading\" data-id=\"e3d7d18\" data-element_type=\"widget\" data-e-type=\"widget\" data-widget_type=\"heading.default\">\n\t\t\t\t<div class=\"elementor-widget-container\">\n\t\t\t\t\t<h2 class=\"elementor-heading-title elementor-size-default\">Receba <b>INFORMA\u00c7\u00d5ES<\/b><br>\ne <b>VALORES<\/b><br>\ndo <i>Curso Manuten\u00e7\u00e3o de Computadores<\/i><\/h2>\t\t\t\t<\/div>\n\t\t\t\t<\/div>\n\t\t\t\t\t<\/div>\n\t\t<\/div>\n\t\t\t\t<div class=\"elementor-column elementor-col-50 elementor-inner-column elementor-element elementor-element-0cf2499 exad-glass-effect-no exad-sticky-section-no elementor-invisible\" data-id=\"0cf2499\" data-element_type=\"column\" data-e-type=\"column\" data-settings=\"{&quot;animation&quot;:&quot;bounceInRight&quot;}\">\n\t\t\t<div class=\"elementor-widget-wrap elementor-element-populated\">\n\t\t\t\t\t\t<div class=\"elementor-element elementor-element-930c68f animated-slow exad-sticky-section-no exad-glass-effect-no elementor-invisible elementor-widget elementor-widget-html\" data-id=\"930c68f\" data-element_type=\"widget\" data-e-type=\"widget\" data-settings=\"{&quot;_animation_delay&quot;:800,&quot;_animation&quot;:&quot;bounceInRight&quot;}\" data-widget_type=\"html.default\">\n\t\t\t\t<div class=\"elementor-widget-container\">\n\t\t\t\t\t<script type=\"text\/javascript\">\r\n    \/** This section is only needed once per page if manually copying **\/\r\n    if (typeof MauticSDKLoaded == 'undefined') {\r\n        var MauticSDKLoaded = true;\r\n        var head            = document.getElementsByTagName('head')[0];\r\n        var script          = document.createElement('script');\r\n        script.type         = 'text\/javascript';\r\n        script.src          = 'https:\/\/mautic.cursosciatec.com.br\/media\/js\/mautic-form.js';\r\n        script.onload       = function() {\r\n            MauticSDK.onLoad();\r\n        };\r\n        head.appendChild(script);\r\n        var MauticDomain = 'https:\/\/mautic.cursosciatec.com.br';\r\n        var MauticLang   = {\r\n            'submittingMessage': \"Por favor, aguarde...\"\r\n        }\r\n    }\r\n<\/script>\r\n\r\n<style type=\"text\/css\" scoped>\r\n    .mauticform_wrapper {}\r\n    .mauticform-innerform {}\r\n    .mauticform-post-success {}\r\n    .mauticform-name { font-weight: bold; font-size: 1.5em; margin-bottom: 3px; }\r\n    .mauticform-description { margin-top: 2px; margin-bottom: 10px; }\r\n    .mauticform-error { margin-bottom: 10px; color: white; }\r\n    .mauticform-message { margin-bottom: 10px;color: white; }\r\n    .mauticform-row { display: block; margin-bottom: 20px; }\r\n    .mauticform-label { font-size: 1.1em; display: block; font-weight: bold; margin-bottom: 5px; }\r\n    .mauticform-row.mauticform-required .mauticform-label:after { color: #bf1e2e; content: \" *\"; display: inline; }\r\n    .mauticform-helpmessage { display: block; font-size: 0.9em; margin-bottom: 3px; }\r\n    .mauticform-errormsg { display: block; color: white; margin-top: 2px; }\r\n    .mauticform-selectbox, .mauticform-input, .mauticform-textarea { width: 100%; padding: 0.5em 0.5em; border: 1px solid #CCC; background: #fff; box-shadow: 0px 0px 0px #fff inset; border-radius: 4px; box-sizing: border-box; }\r\n    .mauticform-checkboxgrp-row {}\r\n    .mauticform-checkboxgrp-label { font-weight: normal; }\r\n    .mauticform-checkboxgrp-checkbox {}\r\n    .mauticform-radiogrp-row {}\r\n    .mauticform-radiogrp-label { font-weight: normal; }\r\n    .mauticform-radiogrp-radio {}\r\n    .mauticform-button-wrapper .mauticform-button.btn-default, .mauticform-pagebreak-wrapper .mauticform-pagebreak.btn-default { color: #bf1e2e;background-color: #ffffff;border-color: #dddddd;}\r\n    .mauticform-button-wrapper .mauticform-button, .mauticform-pagebreak-wrapper .mauticform-pagebreak { display: inline-block;margin-bottom: 0;font-weight: 600;text-align: center;vertical-align: middle;cursor: pointer;background-image: none;border: 1px solid transparent;white-space: nowrap;padding: 10px 15px;font-size: 16px;line-height: 1.3856;border-radius: 3px;-webkit-user-select: none;-moz-user-select: none;-ms-user-select: none;user-select: none;}\r\n    .mauticform-button-wrapper .mauticform-button.btn-default[disabled], .mauticform-pagebreak-wrapper .mauticform-pagebreak.btn-default[disabled] { background-color: #ffffff; border-color: #dddddd; opacity: 0.75; cursor: not-allowed; }\r\n    .mauticform-pagebreak-wrapper .mauticform-button-wrapper {  display: inline; }\r\n<\/style>\r\n<div id=\"mauticform_wrapper_formulariosistemasfotovoltaicos\" class=\"mauticform_wrapper\">\r\n    <form autocomplete=\"false\" role=\"form\" method=\"post\" action=\"https:\/\/mautic.cursosciatec.com.br\/form\/submit?formId=15\" id=\"mauticform_formulariosistemasfotovoltaicos\" data-mautic-form=\"formulariosistemasfotovoltaicos\" enctype=\"multipart\/form-data\">\r\n        <div class=\"mauticform-error\" id=\"mauticform_formulariosistemasfotovoltaicos_error\"><\/div>\r\n        <div class=\"mauticform-message\" id=\"mauticform_formulariosistemasfotovoltaicos_message\"><\/div>\r\n        <div class=\"mauticform-innerform\">\r\n\r\n            \r\n          <div class=\"mauticform-page-wrapper mauticform-page-1\" data-mautic-form-page=\"1\">\r\n\r\n            <div id=\"mauticform_formulariosistemasfotovoltaicos_nome\" data-validate=\"nome\" data-validation-type=\"text\" class=\"mauticform-row mauticform-text mauticform-field-1 mauticform-required\">\r\n                <input id=\"mauticform_input_formulariosistemasfotovoltaicos_nome\" name=\"mauticform[nome]\" value=\"\" placeholder=\"Seu Nome\" class=\"mauticform-input\" type=\"text\">\r\n                <span class=\"mauticform-errormsg\" style=\"display: none;\">Este campo \u00e9 obrigat\u00f3rio<\/span>\r\n            <\/div>\r\n\r\n            <div id=\"mauticform_formulariosistemasfotovoltaicos_email\" data-validate=\"email\" data-validation-type=\"email\" class=\"mauticform-row mauticform-email mauticform-field-2 mauticform-required\">\r\n                <input id=\"mauticform_input_formulariosistemasfotovoltaicos_email\" name=\"mauticform[email]\" value=\"\" placeholder=\"Seu E-mail\" class=\"mauticform-input\" type=\"email\">\r\n                <span class=\"mauticform-errormsg\" style=\"display: none;\">Este campo \u00e9 obrigat\u00f3rio<\/span>\r\n            <\/div>\r\n\r\n            <div id=\"mauticform_formulariosistemasfotovoltaicos_telefone\" data-validate=\"telefone\" data-validation-type=\"tel\" class=\"mauticform-row mauticform-tel mauticform-field-3 mauticform-required\">\r\n                <input id=\"mauticform_input_formulariosistemasfotovoltaicos_telefone\" name=\"mauticform[telefone]\" value=\"\" placeholder=\"Seu Telefone com DDD\" class=\"mauticform-input\" type=\"tel\">\r\n                <span class=\"mauticform-errormsg\" style=\"display: none;\">Este campo \u00e9 obrigat\u00f3rio<\/span>\r\n            <\/div>\r\n\r\n            <div id=\"mauticform_formulariosistemasfotovoltaicos_quero_receber_informacoes\" class=\"mauticform-row mauticform-button-wrapper mauticform-field-4\">\r\n                <button type=\"submit\" name=\"mauticform[quero_receber_informacoes]\" id=\"mauticform_input_formulariosistemasfotovoltaicos_quero_receber_informacoes\" value=\"\" class=\"mauticform-button botao-enviar-formul\u00e1rio\">Quero Receber Informa\u00e7\u00f5es<\/button>\r\n            <\/div>\r\n            <\/div>\r\n        <\/div>\r\n\r\n        <input type=\"hidden\" name=\"mauticform[formId]\" id=\"mauticform_formulariosistemasfotovoltaicos_id\" value=\"15\">\r\n        <input type=\"hidden\" name=\"mauticform[return]\" id=\"mauticform_formulariosistemasfotovoltaicos_return\" value=\"\">\r\n        <input type=\"hidden\" name=\"mauticform[formName]\" id=\"mauticform_formulariosistemasfotovoltaicos_name\" value=\"formulariosistemasfotovoltaicos\">\r\n\r\n        <\/form>\r\n<\/div>\r\n\t\t\t\t<\/div>\n\t\t\t\t<\/div>\n\t\t\t\t\t<\/div>\n\t\t<\/div>\n\t\t\t\t\t<\/div>\n\t\t<\/section>\n\t\t\t\t<section class=\"elementor-section elementor-top-section elementor-element elementor-element-11940ec elementor-section-stretched elementor-section-full_width elementor-section-height-default elementor-section-height-default exad-glass-effect-no exad-sticky-section-no\" data-id=\"11940ec\" data-element_type=\"section\" data-e-type=\"section\" data-settings=\"{&quot;stretch_section&quot;:&quot;section-stretched&quot;}\">\n\t\t\t\t\t\t<div class=\"elementor-container elementor-column-gap-default\">\n\t\t\t\t\t<div class=\"elementor-column elementor-col-100 elementor-top-column elementor-element elementor-element-d6eac40 exad-glass-effect-no exad-sticky-section-no\" data-id=\"d6eac40\" data-element_type=\"column\" data-e-type=\"column\">\n\t\t\t<div class=\"elementor-widget-wrap elementor-element-populated\">\n\t\t\t\t\t\t<div class=\"elementor-element elementor-element-75e2b0d exad-sticky-section-no exad-glass-effect-no elementor-widget elementor-widget-heading\" data-id=\"75e2b0d\" data-element_type=\"widget\" data-e-type=\"widget\" data-widget_type=\"heading.default\">\n\t\t\t\t<div class=\"elementor-widget-container\">\n\t\t\t\t\t<h2 class=\"elementor-heading-title elementor-size-default\">Fotos<\/h2>\t\t\t\t<\/div>\n\t\t\t\t<\/div>\n\t\t\t\t\t<\/div>\n\t\t<\/div>\n\t\t\t\t\t<\/div>\n\t\t<\/section>\n\t\t\t\t<section class=\"elementor-section elementor-top-section elementor-element elementor-element-6c496e5 elementor-section-stretched elementor-section-full_width elementor-section-height-default elementor-section-height-default exad-glass-effect-no exad-sticky-section-no\" data-id=\"6c496e5\" data-element_type=\"section\" data-e-type=\"section\" data-settings=\"{&quot;stretch_section&quot;:&quot;section-stretched&quot;}\">\n\t\t\t\t\t\t<div class=\"elementor-container elementor-column-gap-default\">\n\t\t\t\t\t<div class=\"elementor-column elementor-col-100 elementor-top-column elementor-element elementor-element-ae7a3bd exad-glass-effect-no exad-sticky-section-no\" data-id=\"ae7a3bd\" data-element_type=\"column\" data-e-type=\"column\">\n\t\t\t<div class=\"elementor-widget-wrap elementor-element-populated\">\n\t\t\t\t\t\t<div class=\"elementor-element elementor-element-7f8b917 exad-sticky-section-no exad-glass-effect-no elementor-widget elementor-widget-image-gallery\" data-id=\"7f8b917\" data-element_type=\"widget\" data-e-type=\"widget\" data-widget_type=\"image-gallery.default\">\n\t\t\t\t<div class=\"elementor-widget-container\">\n\t\t\t\t\t\t\t<div class=\"elementor-image-gallery\">\n\t\t\t\n\t\t<style type=\"text\/css\">\n\t\t\t#gallery-1 {\n\t\t\t\tmargin: auto;\n\t\t\t}\n\t\t\t#gallery-1 .gallery-item {\n\t\t\t\tfloat: left;\n\t\t\t\tmargin-top: 10px;\n\t\t\t\ttext-align: center;\n\t\t\t\twidth: 25%;\n\t\t\t}\n\t\t\t#gallery-1 img {\n\t\t\t\tborder: 2px solid #cfcfcf;\n\t\t\t}\n\t\t\t#gallery-1 .gallery-caption {\n\t\t\t\tmargin-left: 0;\n\t\t\t}\n\t\t\t\/* see gallery_shortcode() in wp-includes\/media.php *\/\n\t\t<\/style>\n\t\t<div id='gallery-1' class='gallery galleryid-11132 gallery-columns-4 gallery-size-slgf_346_same_size_thumb'><dl class='gallery-item'>\n\t\t\t<dt class='gallery-icon portrait'>\n\t\t\t\t<a data-elementor-open-lightbox=\"yes\" data-elementor-lightbox-slideshow=\"7f8b917\" data-elementor-lightbox-title=\"IMG_4488\" data-e-action-hash=\"#elementor-action%3Aaction%3Dlightbox%26settings%3DeyJpZCI6MTExMzAsInVybCI6Imh0dHBzOlwvXC9jdXJzb3NjaWF0ZWMuY29tLmJyXC9ob21lXC93cC1jb250ZW50XC91cGxvYWRzXC8yMDIzXC8wNVwvSU1HXzQ0ODgucG5nIiwic2xpZGVzaG93IjoiN2Y4YjkxNyJ9\" href='https:\/\/cursosciatec.com.br\/home\/wp-content\/uploads\/2023\/05\/IMG_4488.png'><img fetchpriority=\"high\" decoding=\"async\" width=\"400\" height=\"400\" src=\"https:\/\/cursosciatec.com.br\/home\/wp-content\/uploads\/2023\/05\/IMG_4488-400x400.png\" class=\"attachment-slgf_346_same_size_thumb size-slgf_346_same_size_thumb\" alt=\"\" srcset=\"https:\/\/cursosciatec.com.br\/home\/wp-content\/uploads\/2023\/05\/IMG_4488-400x400.png 400w, https:\/\/cursosciatec.com.br\/home\/wp-content\/uploads\/2023\/05\/IMG_4488-150x150.png 150w, https:\/\/cursosciatec.com.br\/home\/wp-content\/uploads\/2023\/05\/IMG_4488-500x500.png 500w\" sizes=\"(max-width: 400px) 100vw, 400px\" \/><\/a>\n\t\t\t<\/dt><\/dl><dl class='gallery-item'>\n\t\t\t<dt class='gallery-icon portrait'>\n\t\t\t\t<a data-elementor-open-lightbox=\"yes\" data-elementor-lightbox-slideshow=\"7f8b917\" data-elementor-lightbox-title=\"IMG_4486\" data-e-action-hash=\"#elementor-action%3Aaction%3Dlightbox%26settings%3DeyJpZCI6MTExMjksInVybCI6Imh0dHBzOlwvXC9jdXJzb3NjaWF0ZWMuY29tLmJyXC9ob21lXC93cC1jb250ZW50XC91cGxvYWRzXC8yMDIzXC8wNVwvSU1HXzQ0ODYucG5nIiwic2xpZGVzaG93IjoiN2Y4YjkxNyJ9\" href='https:\/\/cursosciatec.com.br\/home\/wp-content\/uploads\/2023\/05\/IMG_4486.png'><img decoding=\"async\" width=\"400\" height=\"400\" src=\"https:\/\/cursosciatec.com.br\/home\/wp-content\/uploads\/2023\/05\/IMG_4486-400x400.png\" class=\"attachment-slgf_346_same_size_thumb size-slgf_346_same_size_thumb\" alt=\"\" srcset=\"https:\/\/cursosciatec.com.br\/home\/wp-content\/uploads\/2023\/05\/IMG_4486-400x400.png 400w, https:\/\/cursosciatec.com.br\/home\/wp-content\/uploads\/2023\/05\/IMG_4486-150x150.png 150w, https:\/\/cursosciatec.com.br\/home\/wp-content\/uploads\/2023\/05\/IMG_4486-500x500.png 500w\" sizes=\"(max-width: 400px) 100vw, 400px\" \/><\/a>\n\t\t\t<\/dt><\/dl><dl class='gallery-item'>\n\t\t\t<dt class='gallery-icon landscape'>\n\t\t\t\t<a data-elementor-open-lightbox=\"yes\" data-elementor-lightbox-slideshow=\"7f8b917\" data-elementor-lightbox-title=\"IMG_4485\" data-e-action-hash=\"#elementor-action%3Aaction%3Dlightbox%26settings%3DeyJpZCI6MTExMjgsInVybCI6Imh0dHBzOlwvXC9jdXJzb3NjaWF0ZWMuY29tLmJyXC9ob21lXC93cC1jb250ZW50XC91cGxvYWRzXC8yMDIzXC8wNVwvSU1HXzQ0ODUtc2NhbGVkLmpwZyIsInNsaWRlc2hvdyI6IjdmOGI5MTcifQ%3D%3D\" href='https:\/\/cursosciatec.com.br\/home\/wp-content\/uploads\/2023\/05\/IMG_4485-scaled.jpg'><img decoding=\"async\" width=\"400\" height=\"400\" src=\"https:\/\/cursosciatec.com.br\/home\/wp-content\/uploads\/2023\/05\/IMG_4485-400x400.jpg\" class=\"attachment-slgf_346_same_size_thumb size-slgf_346_same_size_thumb\" alt=\"\" srcset=\"https:\/\/cursosciatec.com.br\/home\/wp-content\/uploads\/2023\/05\/IMG_4485-400x400.jpg 400w, https:\/\/cursosciatec.com.br\/home\/wp-content\/uploads\/2023\/05\/IMG_4485-150x150.jpg 150w, https:\/\/cursosciatec.com.br\/home\/wp-content\/uploads\/2023\/05\/IMG_4485-500x500.jpg 500w\" sizes=\"(max-width: 400px) 100vw, 400px\" \/><\/a>\n\t\t\t<\/dt><\/dl><dl class='gallery-item'>\n\t\t\t<dt class='gallery-icon portrait'>\n\t\t\t\t<a data-elementor-open-lightbox=\"yes\" data-elementor-lightbox-slideshow=\"7f8b917\" data-elementor-lightbox-title=\"IMG_4483\" data-e-action-hash=\"#elementor-action%3Aaction%3Dlightbox%26settings%3DeyJpZCI6MTExMjcsInVybCI6Imh0dHBzOlwvXC9jdXJzb3NjaWF0ZWMuY29tLmJyXC9ob21lXC93cC1jb250ZW50XC91cGxvYWRzXC8yMDIzXC8wNVwvSU1HXzQ0ODMucG5nIiwic2xpZGVzaG93IjoiN2Y4YjkxNyJ9\" href='https:\/\/cursosciatec.com.br\/home\/wp-content\/uploads\/2023\/05\/IMG_4483.png'><img loading=\"lazy\" decoding=\"async\" width=\"400\" height=\"400\" src=\"https:\/\/cursosciatec.com.br\/home\/wp-content\/uploads\/2023\/05\/IMG_4483-400x400.png\" class=\"attachment-slgf_346_same_size_thumb size-slgf_346_same_size_thumb\" alt=\"\" srcset=\"https:\/\/cursosciatec.com.br\/home\/wp-content\/uploads\/2023\/05\/IMG_4483-400x400.png 400w, https:\/\/cursosciatec.com.br\/home\/wp-content\/uploads\/2023\/05\/IMG_4483-150x150.png 150w, https:\/\/cursosciatec.com.br\/home\/wp-content\/uploads\/2023\/05\/IMG_4483-500x500.png 500w\" sizes=\"(max-width: 400px) 100vw, 400px\" \/><\/a>\n\t\t\t<\/dt><\/dl><br style=\"clear: both\" \/><dl class='gallery-item'>\n\t\t\t<dt class='gallery-icon portrait'>\n\t\t\t\t<a data-elementor-open-lightbox=\"yes\" data-elementor-lightbox-slideshow=\"7f8b917\" data-elementor-lightbox-title=\"IMG_4482\" data-e-action-hash=\"#elementor-action%3Aaction%3Dlightbox%26settings%3DeyJpZCI6MTExMjYsInVybCI6Imh0dHBzOlwvXC9jdXJzb3NjaWF0ZWMuY29tLmJyXC9ob21lXC93cC1jb250ZW50XC91cGxvYWRzXC8yMDIzXC8wNVwvSU1HXzQ0ODItc2NhbGVkLmpwZyIsInNsaWRlc2hvdyI6IjdmOGI5MTcifQ%3D%3D\" href='https:\/\/cursosciatec.com.br\/home\/wp-content\/uploads\/2023\/05\/IMG_4482-scaled.jpg'><img loading=\"lazy\" decoding=\"async\" width=\"400\" height=\"400\" src=\"https:\/\/cursosciatec.com.br\/home\/wp-content\/uploads\/2023\/05\/IMG_4482-400x400.jpg\" class=\"attachment-slgf_346_same_size_thumb size-slgf_346_same_size_thumb\" alt=\"\" srcset=\"https:\/\/cursosciatec.com.br\/home\/wp-content\/uploads\/2023\/05\/IMG_4482-400x400.jpg 400w, https:\/\/cursosciatec.com.br\/home\/wp-content\/uploads\/2023\/05\/IMG_4482-150x150.jpg 150w, https:\/\/cursosciatec.com.br\/home\/wp-content\/uploads\/2023\/05\/IMG_4482-500x500.jpg 500w\" sizes=\"(max-width: 400px) 100vw, 400px\" \/><\/a>\n\t\t\t<\/dt><\/dl><dl class='gallery-item'>\n\t\t\t<dt class='gallery-icon portrait'>\n\t\t\t\t<a data-elementor-open-lightbox=\"yes\" data-elementor-lightbox-slideshow=\"7f8b917\" data-elementor-lightbox-title=\"IMG_448\" data-e-action-hash=\"#elementor-action%3Aaction%3Dlightbox%26settings%3DeyJpZCI6MTExMjUsInVybCI6Imh0dHBzOlwvXC9jdXJzb3NjaWF0ZWMuY29tLmJyXC9ob21lXC93cC1jb250ZW50XC91cGxvYWRzXC8yMDIzXC8wNVwvSU1HXzQ0OC5wbmciLCJzbGlkZXNob3ciOiI3ZjhiOTE3In0%3D\" href='https:\/\/cursosciatec.com.br\/home\/wp-content\/uploads\/2023\/05\/IMG_448.png'><img loading=\"lazy\" decoding=\"async\" width=\"400\" height=\"400\" src=\"https:\/\/cursosciatec.com.br\/home\/wp-content\/uploads\/2023\/05\/IMG_448-400x400.png\" class=\"attachment-slgf_346_same_size_thumb size-slgf_346_same_size_thumb\" alt=\"\" srcset=\"https:\/\/cursosciatec.com.br\/home\/wp-content\/uploads\/2023\/05\/IMG_448-400x400.png 400w, https:\/\/cursosciatec.com.br\/home\/wp-content\/uploads\/2023\/05\/IMG_448-150x150.png 150w, https:\/\/cursosciatec.com.br\/home\/wp-content\/uploads\/2023\/05\/IMG_448-500x500.png 500w\" sizes=\"(max-width: 400px) 100vw, 400px\" \/><\/a>\n\t\t\t<\/dt><\/dl>\n\t\t\t<br style='clear: both' \/>\n\t\t<\/div>\n\t\t<\/div>\n\t\t\t\t\t\t<\/div>\n\t\t\t\t<\/div>\n\t\t\t\t\t<\/div>\n\t\t<\/div>\n\t\t\t\t\t<\/div>\n\t\t<\/section>\n\t\t\t\t<section class=\"elementor-section elementor-top-section elementor-element elementor-element-8650eed elementor-section-stretched elementor-section-full_width elementor-section-height-default elementor-section-height-default exad-glass-effect-no exad-sticky-section-no\" data-id=\"8650eed\" data-element_type=\"section\" data-e-type=\"section\" data-settings=\"{&quot;stretch_section&quot;:&quot;section-stretched&quot;}\">\n\t\t\t\t\t\t<div class=\"elementor-container elementor-column-gap-default\">\n\t\t\t\t\t<div class=\"elementor-column elementor-col-100 elementor-top-column elementor-element elementor-element-db4e5e7 exad-glass-effect-no exad-sticky-section-no\" data-id=\"db4e5e7\" data-element_type=\"column\" data-e-type=\"column\">\n\t\t\t<div class=\"elementor-widget-wrap elementor-element-populated\">\n\t\t\t\t\t\t\t<\/div>\n\t\t<\/div>\n\t\t\t\t\t<\/div>\n\t\t<\/section>\n\t\t\t\t<\/div>\n\t\t","protected":false},"excerpt":{"rendered":"<p>Fotos e Depoimentos Curso Manuten\u00e7\u00e3o de Computadores Receba INFORMA\u00c7\u00d5ES e VALORES do Curso Manuten\u00e7\u00e3o de Computadores Este campo \u00e9 obrigat\u00f3rio Este campo \u00e9 obrigat\u00f3rio Este campo \u00e9 obrigat\u00f3rio Quero Receber Informa\u00e7\u00f5es Fotos<\/p>\n","protected":false},"author":1,"featured_media":0,"parent":3741,"menu_order":0,"comment_status":"closed","ping_status":"closed","template":"elementor_header_footer","meta":{"footnotes":""},"folder":[],"class_list":["post-11132","page","type-page","status-publish","hentry"],"aioseo_notices":[],"_links":{"self":[{"href":"https:\/\/cursosciatec.com.br\/home\/wp-json\/wp\/v2\/pages\/11132","targetHints":{"allow":["GET"]}}],"collection":[{"href":"https:\/\/cursosciatec.com.br\/home\/wp-json\/wp\/v2\/pages"}],"about":[{"href":"https:\/\/cursosciatec.com.br\/home\/wp-json\/wp\/v2\/types\/page"}],"author":[{"embeddable":true,"href":"https:\/\/cursosciatec.com.br\/home\/wp-json\/wp\/v2\/users\/1"}],"replies":[{"embeddable":true,"href":"https:\/\/cursosciatec.com.br\/home\/wp-json\/wp\/v2\/comments?post=11132"}],"version-history":[{"count":3,"href":"https:\/\/cursosciatec.com.br\/home\/wp-json\/wp\/v2\/pages\/11132\/revisions"}],"predecessor-version":[{"id":11135,"href":"https:\/\/cursosciatec.com.br\/home\/wp-json\/wp\/v2\/pages\/11132\/revisions\/11135"}],"up":[{"embeddable":true,"href":"https:\/\/cursosciatec.com.br\/home\/wp-json\/wp\/v2\/pages\/3741"}],"wp:attachment":[{"href":"https:\/\/cursosciatec.com.br\/home\/wp-json\/wp\/v2\/media?parent=11132"}],"wp:term":[{"taxonomy":"folder","embeddable":true,"href":"https:\/\/cursosciatec.com.br\/home\/wp-json\/wp\/v2\/folder?post=11132"}],"curies":[{"name":"wp","href":"https:\/\/api.w.org\/{rel}","templated":true}]}}